- -8 - ((-10 - 3) + 11)) + -16
-16
What is the value of -326 + 394 + (-7 + 8 - 9) + 29?
89
-18 + 43 + -2 + -22 + 3
4
What is the value of -137 - (-195 - 77) - (10 + -3 + 5)?
123
What is (28 + -57 - -41) + 14?
26
Evaluate (6 - ((3 - 17) + -101 + 123)) + (0 - -113).
111
What is (2 - 15) + (19 - (-23 + 30)) + -59?
-60
Evaluate 15 - (-17 + -14 + (-4 - (-44 + 15))).
21
11 + (10 - ((-32 - -16 - -3) + 105))
-71
What is the value of 2 - (-359 + 367 + -2 + 101 + 0)?
-105
Calculate 0 - 22 - (-219 - (71 - 227)).
41
Evaluate (26 - 21 - (-13 - 29)) + -3 - -15.
59
What is the value of -8 + 4 + (87 - (-6 - 1)) + 3 + -9?
84
Calculate 109 + -109 + -62 + 7 + 1 + -1.
-55
What is -40 + 12 + -11 + -8 + 19 + -18 + 4?
-42
What is the value of -100 - ((-94 - -57) + -21)?
-42
55 + -24 + 0 + (42 - 103)
-30
What is -116 + -1 + -34 + 11 + -14?
-154
What is (-1 - (1 + 14)) + (-1277 - -1297)?
4
Evaluate 17 - (6 + 6 + (-11 - (-7 + 3 + -2))).
10
-3 + (8 - 18) + -14 + -6
-33
Evaluate 0 + (-6 + (-28 - -20) - -14).
0
Evaluate -441 - -385 - (-27 + 2).
-31
(5 + 2 + -24 - -2) + (56 - (-38 + 67))
12
What is -8 + (-24 - -10) + -20 + 10 + 1 + -2?
-33
Evaluate -11 + (1 - (1 + -2 + (-62 - -54))).
-1
Evaluate (-96 - -95 - (15 + -8)) + -3.
-11
What is -39 + 86 - 14 - 4?
29
What is the value of -55 - (9 + -49 + -14)?
-1
Calculate -2 - -136 - (6 + 3 + (17 - 18)) - 10.
116
What is the value of (8 - -12) + -8 - ((-50 - -18 - -16) + -33)?
61
Calculate (-21 - 7 - -38) + 11.
21
What is the value of 1 - (8 - -18) - (48 - -2)?
-75
Calculate 8 + -17 - 27 - (45 - 41).
-40
What is 3594 + -3631 - (-28 + 2) - (54 + 1 + -1)?
-65
Evaluate -2 - 8 - (36 - (13 - 76) - 26).
-83
Evaluate (134 + -69 - 158) + -5 + -3 + -4.
-105
Evaluate 2 + (-6 + 0 - (-412 + 413) - 82).
-87
Calculate 196 - 75 - (217 + -52).
-44
What is the value of -1 - (-16 - (1 + -13 - -2)) - -1 - 12?
-6
What is (-3 - 60) + (-1 - (14 + -11))?
-67
Calculate -7 + -6 + 3 - (32 + -20 + -55).
33
What is the value of (2 - -1) + -73 + 0 + 4?
-66
Evaluate 113 + (-82 - -86) + 22 + -2.
137
Evaluate -76 - (-10 + (-93 - -39)).
-12
What is 54 + -2 + (-3 - 7 - 0) - 3?
39
What is (6 - (2 + 19 + -23 - -77)) + -1 + 9?
-61
What is the value of (54 - (19 + 27)) + (4 - -6)?
18
What is 55 + (40 - -44 - 104)?
35
(39 - (114 - (-20 - -19))) + (-2 - -18)
-60
Calculate 13 - ((-14 - -1 - 5) + 3).
28
What is -3813 - -3841 - (0 + -111)?
139
(17 - (78 + -54)) + (2 + 0 - -64) + -4
55
What is (4 - -42) + -20 + -1 + -61?
-36
What is the value of 7 + (80 - 225) + 75?
-63
(-11 - -4 - (-8 + 1)) + 8 + 40 + -4
44
Calculate 36 + 85 + -37 - 59.
25
(-32 - -14) + -7 - (-1 + 14)
-38
Calculate (-4 + (4 - -7) - (2 + 0) - -2) + -130.
-123
What is the value of 20 + -65 - (11 + -17 - 13)?
-26
Evaluate -5 + 9 + (33 + 2 - 3) + (-64 - -56).
28
(60 - 52) + (-75 + -2 - 0) + -1
-70
122 - (1 - 6 - (21 - (-5 + 63 + -30)))
120
Evaluate (5 - 0) + 5 + -2 + (29 - 77) + -2.
-42
What is the value of -20 + 18 + (19 - 11 - -2)?
8
Calculate 6 - ((11 - 5) + 38 + 21 + -8).
-51
Evaluate (-11 + (9 - 0) + 25 - 3) + -24.
-4
What is -74 + -22 + (-10 - (-5 + -1)) + 19?
-81
-50 + 54 + 19 + 5
28
Evaluate -1 + 27 - (32 - (-64 - -31)).
-39
What is the value of (-36 - -25) + -6 - 12?
-29
7031 + -7004 + -48 + 1
-20
Calculate -16 - (7 + -12 + -8) - (8 + -16) - -73.
78
Evaluate -13 - ((169 - 109) + -25).
-48
Evaluate (0 - -11) + (2 + -4 - (-156 - -139)) + -58.
-32
What is (-1 - -34) + -119 + 108 - 13 - 20?
-11
Calculate -72 - (-209 - -42) - (31 + 2).
62
Evaluate 22 + -24 + 75 - 39 - 7.
27
What is -55 - (1 - 25 - (336 + -347))?
-42
41 + -1 - (476 - 487 - (-15 - 1))
35
What is -9 - (2 - -1) - (-1090 - -1039)?
39
What is the value of 19 - ((-3 - (5 - 144)) + -29 + 16)?
-104
(10 + -10 + 17 - (15 - 5)) + (36 - 17)
26
Calculate -29 + 94 - 7 - (28 - 3).
33
Evaluate (8 - (1 + -2) - ((2 - -26) + -12)) + 27.
20
Calculate 14 + 9 + (-22 - -19) + -67.
-47
What is the value of 15 + (11 - 24) - (-21 - 15)?
38
78 - (103 - 107 - 0)
82
Evaluate 8 + 15 + -81 + 33 + -23.
-48
What is the value of -38 - (-134 + (-156 - -112))?
140
Evaluate -28 + 0 + -17 + 1 + -4 + (30 - 8).
-26
What is the value of 6 - 12 - (-3 - 6) - (-58 + -7 - -4)?
64
Calculate (-119 - (-72 - 44)) + 125.
122
(-1 - -4 - -11) + -126 + 5
-107
Calculate (15 - (-75 + 40)) + -43.
7
-2 + -1 + -49 + -139 + (52 - -74)
-65
Calculate -58 - -59 - (2 + (-35 - 5) - 6 - 1).
46
Calculate -22 + (-2 + 29 - (-28 - -30)).
3
What is the value of (132 - 56) + (1 - 4) + -6 + (4 - -6)?
77
Evaluate (2 - 9) + 14 + 30 + -53.
-16
86 - (-10 + (32 - (14 + -20)))
58
Calculate 26 + -82 + (18 - -36).
-2
What is the value of 5 + -34 + 41 - (0 + (4 - 0))?
8
3 - 18 - (26 + 7 - 19)
-29
Calculate -21 + (66 + -63 + -3 + -1 - (5 + 1)).
-28
1 - -1 - -6 - (4 + 2 + -47 + -4)
53
What is 0 - (41 - (-2 - -9))?
-34
2 - ((5 - 37) + 43)
-9
Calculate (-41 - (-8 - (41 - 21 - 1))) + 0 + -79.
-93
What is the value of -33 - -1 - (-152 + -23 + 133)?
10
What is the value of 5 - (5 + -8 - 1) - (2 + 19 + -1)?
-11
Evaluate -33 + (-8 - 1 - (5 + 17 + -31 + 6)).
-39
76 + (-59 - 1) + (-2 + -7 - 119)
-112
(4 - 32) + -899 + 927 + (-81 - 0)
-81
What is the value of 6 - (-123 + 26 + 125)?
-22
What is the value of -2256 - -2316 - (28 - 3)?
35
-20 + 23 - ((15 - -18) + -6)
-24
Calculate 3 - (-34 - 11) - 25.
23
Evaluate 26 + 60 + -102 - -110.
94
Calculate -101 - (28 - 17 - 96).
-16
Evaluate -2 - (-22 + -26) - 67.
-21
25 + -1 - 24 - (3 - (12 - 0))
9
What is (55 - (8 + 21)) + -26 - 16?
-16
What is the value of (-15 - 26 - -32) + -42 + 20?
-31
(-6 - -9) + (-4 - (0 - (-3 - -2))) - -80
78
Calculate (-30 - ((-105 - -91) + 11 + -1)) + -5.
-31
What is (-7 - 10) + 2 + (160 - 162)?
-17
What is (-101 - -39) + 19 - 14?
-57
Calculate 0 + 17 + (-3 - (-39 - -7)).
46
Calculate (-3 - (-39 + 30)) + 41 + 0 + -14.
33
Calculate (117 - 117) + -13 - -38.
25
Evaluate -604 - -539 - (-33 - -5).
-37
Calculate 34 - (60 + (-47 - -12)).
9
Evaluate -608 + 609 + (-13 - 2) - -8.
-6
Evaluate 370 + -460 - (-3 - 54).
-33
What is 2 + 3 + -20 + 1 + 6 + 9?
1
What is -452 + 488 + -6 + 4 + 39?
73
Calculate -6 + (-161 - -165 - (2 - (2 + 54) - 0)).
52
What is the value of 11 + -1 - (-65 - (-51 - -20))?
44
Calculate -5 + 39 + -14 - (-22 - (-20 - -43)).
65
What is (10 - 17) + 29 + 2 + -8 - 65?
-49
What is ((17 - (1 + 9)) + 3 - 3) + (-2 - 0)?
5
What is -7 + (83 + -48 - 30 - (-1 - -44))?
-45
Evaluate 29 + (-337 - -341 - (-3 + -22)).
58
What is (64 + -7 + 9 - (-15 + 25)) + 10?
66
Evaluate -89 + -26 + 104 + -14.
-25
Calculate -463 + 515 + 3 + -101.
-46
Calculate (-10 - (19 + -16)) + 16 - 6.
-3
Evaluate -9 - (-25049 - -25061 - (-1 - 0 - (0 + -64))).
42
Evaluate (5 + 0 - (6 + 2 + 5 + 4)) + 16.
4
Calculate -40 + 31 + (-28 - 19) + 140.
84
Calculate -24 + 83 - (92 - 41).
8
What is the value of -75 - -2 - (3 - (-4 + 6 + (-11 - -18)))?
-67
Calculate (-73 - 2) + -7394 + 7393.
-76
What is -48 + ((9 - 4) + -12 - -4)?
-51
Calculate (1 - -15) + -1304 + 1304 + (15 - 2).
29
Calculate (6 - 4) + -7 + 24 + 72 + -3.
88
What is the value of 8 - (-5 + 0 + -27) - 9?
31
Calculate 22 - (318 + -314 + -22 + -1 + 1).
40
What is the value of -109 - -2 - ((-204 - -44) + 131)?
-78
Evaluate 10 + -31 + (-10 + -8 - -1).
-38
What is the value of (215 + -228 - (-2 - 10)) + 2 + -4 + 33?
30
-43 + -1 + 5 + -8 + 61 + -47
-33
What is -41 - (-235 + 39) - (68 + -32)?
119
(-8 - -6 - -29) + -228 + 249
48
(63 - 12 - -46) + 7 + -42
62
316 + -287 + (-83 - -12)
-42
Calculate (-33 - -55 - 44) + (23 - 3 - 14).
-16
Calculate -5 + -4 + -7 - (7 + -6 + -1) - -6.
-10
Evaluate (2 - 17 - -89) + (-9 - -9) + 14 + -28.
60
Calculate -5 + (-6 - 7) + (178 - 133).
27
(16 - 13) + 3 + 7 - 39 - 12
-38
-2 + -71 + 4 + 7 + 4
-58
Evaluate -741 + 760 - (37 + -1) - 13.
-30
Calculate 0 + 21 + -14 + 6 + -49 + -3.
-39
What is ((3 - -1) + -6 - 2 - (-80 + 70)) + -57?
-51
Evaluate -2 + 27 - (-8 + 19 + 1 + -19) - 11.
21
Evaluate -44 + (19 - 24 - 9) + 17.
-41
What is the value of (54 - ((2 - -2) + 2)) + (-152 - -137)?
33
Evaluate 5 - (-18 - (-56 - 16)).
-49
Calculate -61 + (54 - 59 - ((-1 - 3) + (0 - 4))).
-58
Evaluate -46 - ((-138 - -122) + (1 - -1 - -2)).
-34
Evaluate -31 + 84 + (41 - 105).
-11
Calculate 19 - ((-5 - 1) + -104 + 318 + -337).
148
What is (30 + -15 + 10 - 10 - 11) + (55 - 1)?
58
Calculate 83 - (-1 + 5) - ((2 - 15) + 11).
81
Evaluate (15 + 0 + -14 -